etermine a(o).
0
Let w(i) = 65 + 8*i + 15 - i**3 + 4 - 99 - 9*i**2. Give w(-10).
5
Let d(v) = -587 - 595 - 24*v - 597 - 590 + 2356. Determine d(1).
-37
Let a(y) = -8 - 15*y - 26 - 12 + 1 + 19*y. What is a(14)?
11
Let r(v) be the second derivative of -v**6/720 + v**5/30 + 11*v**4/12 - 5*v**3/6 + 9*v. Let t(o) be the third derivative of r(o). Give t(7).
-3
Let q(t) = -18*t**3 - 3*t**2 + 9*t - 4. Let c(g) = -97*g**3 - 14*g**2 + 46*g - 20. Let v(u) = 3*c(u) - 16*q(u). Calculate v(2).
-8
Suppose 0 = -18*y + 82752 - 82716. Let z(c) be the second derivative of 0 - 3/2*c**y - c**3 + 1/12*c**4 + 31*c. Determine z(6).
-3
Let f(x) = x**2 + 4*x - 8. Suppose 85*m + b + 23 = 81*m, 3*m - 2*b = -9. What is f(m)?
-3
Suppose 12*c = 4*n + 20, 1017*c = 1022*c - 3*n - 7. Let p(w) be the third derivative of -w**4/24 + w**3/3 + 2*w**2. Determine p(c).
0
Let f = 86 + -82. Let m(i) = -2*i**2 + 4*i + 5. Let u(s) = -10*s**2 + 20*s + 24. Let q(n) = 16*m(n) - 3*u(n). Determine q(f).
-8
Let v(q) = -2*q**2 + 24*q - 37. Let h be (((-45)/(-20))/((-15)/10))/((-2)/12). What is v(h)?
17
Let u(j) be the first derivative of 5/2*j**2 - 1/4*j**4 + 8 - 7*j - 1/3*j**3. Let y be u(-3). Let o(f) = f**2 - 5. Determine o(y).
11
Suppose -4*j = -4*v - 8, -4 = -4*j - 4*v + 4. Let f(i) = -i**3 - 15*i - 3*i**j - 5 + 5 + 8*i + 6*i. Calculate f(-3).
3
Let j(m) = 2*m + 1. Let r(d) = 8*d + 59. Let z be r(-5). Suppose 17*y - 10 = z*y. Calculate j(y).
-9
Let w be 4/(-10) + 6/(-10). Let j = -1 - w. Let h(z) be the first derivative of z**2/2 - 6*z + 925. Determine h(j).
-6
Let j(o) = 3*o - 1. Let z = 75 - 61. Let l = 22 - z. Suppose -3*s - 5*s = -l. Calculate j(s).
2
Let z(c) = -3*c - 4. Let q(f) = -14*f - 21. Let t = -65 - -61. Let b(r) = t*q(r) + 21*z(r). Let a = 71 - 70. Give b(a).
-7
Let v(q) = -46*q - 10. Let s(n) = 15*n - 2. Let f(l) = 3*s(l) + v(l). Calculate f(-2).
-14
Let c be ((-8)/(-6) - 3/(-9))*(-8 + -7). Let m(k) = 6*k + 152. What is m(c)?
2
Let c(g) = -g**2 - 5*g + 1. Let t(l) = 10*l**2 + 30*l - 5. Let y(f) = -6*c(f) - t(f). Determine y(-1).
-5
Let s be (-1)/(-10) - (7377/(-30) - 4). Let h(x) = -5*x**2 + s*x**3 + 2 - 124*x**3 - 125*x**3 + 5*x - 2*x**2. What is h(6)?
-4
Let j(t) = t**2 - 9*t - 4. Let u be 9/21*(180 - 173). Determine j(u).
-22
Let h(f) be the third derivative of 23*f**2 + 0*f + 0 + 0*f**3 - 1/40*f**5 + 11/12*f**4 - 1/720*f**6. Let i(z) be the second derivative of h(z). Calculate i(0).
-3
Let s = -4 - -7. Let t(c) = -2*c + c + 2 - s - 2. Let p(k) = 24*k**2 - 49*k + 9. Let x be p(2). Calculate t(x).
-10
Let q = 14245 - 14232. Let w(n) = -n**3 + 13*n**2 - 18. Give w(q).
-18
Suppose 5*k = -2*a + 21 + 7, k + 3*a - 3 = 0. Let t(y) be the first derivative of 2*y**3 - 1/4*y**4 + 22 - 1/2*y**2 - y. Give t(k).
-7
Let w(z) = 3*z**3 - 39*z**2 + 122*z - 133. Let n be w(9). Let b(i) = -i**3 - 9*i**2 - 11*i + 13. Determine b(n).
-8
Let o be -2*2/(-8)*0. Let z(y) = 6*y**3 + 5*y**2 + 6*y - 2. Let j(d) = -36*d**3 + d + 16*d**3 + 21*d**3 + d**2. Let h(c) = -5*j(c) + z(c). Calculate h(o).
-2
Let h(d) be the first derivative of d**2/2 - 2*d - 555. Give h(-7).
-9
Let w(v) be the second derivative of 4*v**3/3 + 81*v**2 - 1479*v. Calculate w(-21).
-6
Let l(b) = -4*b**2 + 23*b + 18. Let u(v) = 9*v**2 - 45*v - 37. Let i(h) = -5*l(h) - 2*u(h). Calculate i(13).
-3
Let v(b) = 3*b**2. Let h(n) = 5*n**2 + n. Let m(q) = -4*h(q) + 7*v(q). Let p = 46 + -24. Suppose p = 5*c + 7. Give m(c).
-3
Let i = 36 + -100. Let t = i - -114. Let d(x) = 5*x - 54 + t - 3*x + x**2. Calculate d(-4).
4
Let f(g) = -7*g**2 + 3*g - 3. Let v(x) = 6*x**2 - 2*x + 3. Suppose s = 6*s + 15, 0 = -j - 3*s - 14. Let i(w) = j*f(w) - 6*v(w). Give i(-3).
-3
Let v(n) = -n**3 - n**2 + 3*n + 2. Let r(f) = 26*f - 58*f + 28*f. Let c be r(0). Suppose c = 3*b - 5*b - 4. Determine v(b).
0
Let t(d) = -d**3 + 11*d**2 - 11*d + 6. Suppose 10*z + 8*z - 90 = 0. Suppose -z*l = 2*g + 2 - 27, 2*g + 4*l - 24 = 0. Give t(g).
-4
Let c(q) = q**3 + 9*q**2 + 6*q - 9. Suppose r = -5*w + 17, 3*r = 5*r + 3*w - 20. Suppose 5*o = 172 + 73. Suppose -o = r*n + 7. Calculate c(n).
7
Let l(z) = 4*z - 2 - z**2 - 1 - z**2. Let a(h) = -h**3 + 27*h**2 - 26*h - 7. Let q be a(26). Let w be (1 - -4)*(q + (-444)/(-60)). What is l(w)?
-3
Let v(i) = i**3 + 2*i - 3. Let f be (-162)/10 + 3 - 8/10. Let p(g) = g**2 + 12*g - 31. Let c be p(f). Calculate v(c).
-36
Suppose -29273*b - 84 = -29267*b. Let z(g) = -g**2 - 6*g + 108. Give z(b).
-4
Let s(q) = -q + 15. Let g = -3627 - -3648. Calculate s(g).
-6
Suppose 14*z - 95 = -39. Let v be 6 + -1 + (8 - z). Let p(d) = -d**2 + 9*d + 13. What is p(v)?
13
Let x(n) be the second derivative of n**5/10 - n**4/4 - n**3/2 - 3*n**2/2 + 27*n - 3. Determine x(3).
15
Let o(c) be the third derivative of c**6/120 - c**5/20 - c**4/4 + 2*c**3/3 - 14*c**2 - 6*c. Let d = 2 - -2. Give o(d).
-4
Let j(m) be the second derivative of 1/6*m**3 + 0 - m**2 - 18*m. Determine j(-2).
-4
Let y(p) be the third derivative of p**5/60 + 13*p**4/24 + 2*p**3 - 4*p**2 + 62*p. What is y(-8)?
-28
Let u(b) = -10 - 2*b + 0*b - 3*b. Let k be 2/6 - (-10)/180*-6. Suppose 9*t = 5*t, -2*w - t - 14 = k. Give u(w).
25
Let o be 120/100*20/6. Suppose -o*i - 27 = -3. Let w(h) = h**3 + 7*h**2 + 8*h + 4. What is w(i)?
-8
Suppose 0*w = w + 7. Let a be 0/(-13 + 5 - -12). Let r(x) = -2 + 8*x - 19*x + 10*x + a*x. What is r(w)?
5
Let z(l) = 10*l - 2. Let n(q) = 12*q - 3. Let v = 2 + 2. Let m(f) = v*n(f) - 5*z(f). Calculate m(2).
-6
Let l be 1/(4/(-10) + 6/10). Suppose 7*g + l = 2*g. Let f(b) = -21*b**2 + b + 1. Give f(g).
-21
Let g be -3 - (-3 + 3) - -8. Suppose 3*d = g*d - 4. Let p(r) = 16*r - 33*r + 7*r + 9*r + 3*r - 3. What is p(d)?
1
Let z(f) = 16*f**2 - 15*f + 7. Suppose 4 = -3*t + 5*r + 40, 0 = 2*t + r + 2. Give z(t).
41
Let k(w) be the second derivative of -w**4/12 + 19*w**3/6 + 57*w**2/2 - 2*w + 2881. Determine k(-3).
-9
Let k(o) be the first derivative of -o**3/3 - 4*o**2 - 15*o - 20. Let j be k(-5). Suppose j = u - 2*u + 2. Let c(s) = -7*s + 2. Calculate c(u).
-12
Let j = 4081 + -4092. Let w(k) = -k**3 - 13*k**2 - 19*k + 9. Give w(j).
-24
Let y(z) = -15*z - 5. Let i = -26 + 28. Suppose -39 + 31 = i*g. Let n(w) = -w - 1. Let t(p) = g*n(p) + y(p). What is t(1)?
-12
Let a(t) = -109*t**2 - 105*t**2 + 15*t + 211*t**2 - 26. Determine a(2).
-8
Let c(r) be the second derivative of -2*r**3 - 103*r**2/2 - 82*r - 20. Determine c(-12).
41
Suppose 0 = 4*s + q - 8, 4*s - 2*q = -0*q + 8. Suppose -s*t = -4*n - 0*t - 24, 0 = 5*t. Let v(y) = y**2 + 6*y - 1. Determine v(n).
-1
Let v(p) = p**3 - 13*p**2 - 30*p - 1. Let f be v(15). Let u(q) be the third derivative of -q**5/12 - q**4/12 - q**3/6 - 54*q**2 - 2*q. Give u(f).
-4
Let u(m) = 2*m**3 + 1. Let s(a) be the third derivative of -a**6/120 + a**4/4 - a**3/2 + 3*a**2 + 10. Let y be s(2). Determine u(y).
3
Suppose -15 = 109*x - 112*x. Let l(k) = -4*k - x + 4*k - k**2 - 4*k + 2*k**2. What is l(5)?
0
Suppose 2*p - a = -2, p - 2*p = 4*a - 8. Suppose 6*g + 330 + 66 = p. Let b = -59 - g. Let t(f) = -f**2 + 7*f - 10. Give t(b).
-10
Let t(o) be the first derivative of 5/3*o**3 - 2 + 2*o**2 + 3*o + 1/4*o**4. Calculate t(-4).
3
Let w(v) = -5*v + 236. Let j(m) = -2*m + 116. Let k(i) = 2*j(i) - w(i). Let b be 30/10 + 11/(-1). Give k(b).
-12
Let l(i) = i**2 - 41*i - 125. Let o(c) = 4*c**2 - 10*c + 20. Let a be o(4). Calculate l(a).
7
Let y be (-67)/335 - 131/(-5). Let n(s) = 2*s**2 - 55*s + 89. Let t be n(y). Let q(d) = d**3 - 10*d**2 - 12*d + 11. Give q(t).
0
Let l = 19 + -17. Let u be (-8)/(-6) - l/6. Let r(s) = u - 8*s + 9 - 7 + s**2 + s. What is r(6)?
-3
Let r(c) = 43*c + 300. Let i be r(-7). Let u(d) be the third derivative of 1/6*d**3 + 0 + 0*d - d**2 + 1/24*d**4 + 1/20*d**5. What is u(i)?
3
Let g(i) = -i + 4. Let v(y) = 4*y + 21. Let b(a) = -5*a - 22. Let s(n) = -5*b(n) - 6*v(n). Let c(o) = -9*g(o) - 2*s(o). What is c(1)?
3
Let h(b) be the third derivative of 1/60*b**5 - 2*b**2 - 13/24*b**4 + 2/3*b**3 + 16 + 0*b. Calculate h(9).
-32
Let w(y) = 4*y + 5. Let i(r) = -4*r - 5. Let o(t) = -5*i(t) - 4*w(t). Let s be 1/5 + (-15132)/(-65) - 0. Let h = 237 - s. Calculate o(h).
21
Let g(t) = -3*t + 152. Let n(w) = 3*w - 120. Let s(d) = -4*g(d) - 5*n(d). Let a(p) = p**2 + 7*p - 2. Let y be a(-6). Let h be 3/(-12) + 62/y. What is s(h)?
16
Let d(v) be the second derivativ